1 is divided by 303.
201
Calculate the remainder when 91831 is divided by 43.
26
What is the remainder when 8139 is divided by 8119?
20
What is the remainder when 4730 is divided by 4689?
41
Calculate the remainder when 3946 is divided by 563.
5
What is the remainder when 150973 is divided by 50322?
7
What is the remainder when 6715 is divided by 1669?
39
What is the remainder when 203563 is divided by 615?
613
What is the remainder when 7605 is divided by 148?
57
Calculate the remainder when 345986 is divided by 67.
65
What is the remainder when 6299 is divided by 5576?
723
Calculate the remainder when 22277 is divided by 7206.
659
What is the remainder when 55864 is divided by 461?
83
What is the remainder when 84060 is divided by 592?
588
What is the remainder when 1220951 is divided by 101745?
11
Calculate the remainder when 783 is divided by 28.
27
Calculate the remainder when 2260827 is divided by 9381.
6
What is the remainder when 6202 is divided by 207?
199
What is the remainder when 2335734 is divided by 12?
6
Calculate the remainder when 96340 is divided by 4.
0
What is the remainder when 4686 is divided by 118?
84
Calculate the remainder when 46636 is divided by 424.
420
Calculate the remainder when 106797 is divided by 403.
2
Calculate the remainder when 5192 is divided by 3.
2
Calculate the remainder when 70143 is divided by 5845.
3
Calculate the remainder when 7172 is divided by 149.
20
What is the remainder when 665 is divided by 197?
74
Calculate the remainder when 726003 is divided by 326.
1
What is the remainder when 113298 is divided by 3330?
78
What is the remainder when 123279 is divided by 1?
0
What is the remainder when 352882 is divided by 12?
10
Calculate the remainder when 807720 is divided by 637.
4
What is the remainder when 17902 is divided by 11?
5
What is the remainder when 17252009 is divided by 202?
199
Calculate the remainder when 3137 is divided by 178.
111
What is the remainder when 1314 is divided by 14?
12
Calculate the remainder when 38296 is divided by 7653.
31
What is the remainder when 341265 is divided by 26251?
2
What is the remainder when 2398 is divided by 60?
58
What is the remainder when 85898 is divided by 7807?
21
What is the remainder when 77611 is divided by 41?
39
What is the remainder when 6254975 is divided by 96?
95
What is the remainder when 105352 is divided by 308?
16
What is the remainder when 17348 is divided by 44?
12
Calculate the remainder when 1352 is divided by 38.
22
Calculate the remainder when 4961 is divided by 249.
230
Calculate the remainder when 165782 is divided by 13.
6
What is the remainder when 139976 is divided by 864?
8
What is the remainder when 100439 is divided by 93?
92
What is the remainder when 21739 is divided by 314?
73
What is the remainder when 1566937 is divided by 73?
65
What is the remainder when 6920 is divided by 1152?
8
Calculate the remainder when 764 is divided by 65.
49
What is the remainder when 14913 is divided by 132?
129
Calculate the remainder when 181297 is divided by 23.
11
Calculate the remainder when 249796 is divided by 104.
92
What is the remainder when 2150 is divided by 67?
6
What is the remainder when 867766 is divided by 173551?
11
Calculate the remainder when 13741 is divided by 516.
325
Calculate the remainder when 961 is divided by 217.
93
What is the remainder when 22908 is divided by 337?
329
What is the remainder when 7640 is divided by 630?
80
Calculate the remainder when 3399 is divided by 2438.
961
What is the remainder when 127138 is divided by 42377?
7
Calculate the remainder when 9097 is divided by 2103.
685
Calculate the remainder when 15121 is divided by 7520.
81
What is the remainder when 138119 is divided by 325?
319
What is the remainder when 2017 is divided by 478?
105
What is the remainder when 142150 is divided by 777?
736
Calculate the remainder when 1029 is divided by 2.
1
What is the remainder when 13050 is divided by 724?
18
Calculate the remainder when 159211 is divided by 70.
31
What is the remainder when 34493 is divided by 4?
1
Calculate the remainder when 36571 is divided by 159.
1
Calculate the remainder when 656 is divided by 56.
40
What is the remainder when 39063 is divided by 1154?
981
Calculate the remainder when 103 is divided by 94.
9
Calculate the remainder when 62318 is divided by 571.
79
What is the remainder when 1191 is divided by 130?
21
Calculate the remainder when 7038 is divided by 2339.
21
Calculate the remainder when 1395 is divided by 1104.
291
Calculate the remainder when 219929 is divided by 2972.
1
Calculate the remainder when 36917 is divided by 40.
37
Calculate the remainder when 29209 is divided by 131.
127
What is the remainder when 27660 is divided by 1842?
30
Calculate the remainder when 27566 is divided by 792.
638
Calculate the remainder when 10254 is divided by 197.
10
Calculate the remainder when 9845 is divided by 703.
3
Calculate the remainder when 13798 is divided by 184.
182
Calculate the remainder when 323 is divided by 20.
3
Calculate the remainder when 30320 is divided by 1081.
52
Calculate the remainder when 96589 is divided by 38.
31
Calculate the remainder when 24987 is divided by 294.
291
What is the remainder when 1909 is divided by 2?
1
What is the remainder when 1724083 is divided by 17?
11
Calculate the remainder when 139 is divided by 4.
3
Calculate the remainder when 977159 is divided by 408.
407
Calculate the remainder when 1601149 is divided by 1033.
1032
Calculate the remainder when 5938 is divided by 518.
240
What is the remainder when 244465 is divided by 547?
503
What is the remainder when 1974 is divided by 163?
18
Calculate the remainder when 29985 is divided by 22.
21
What is the remainder when 30145 is divided by 154?
115
Calculate the remainder when 17829 is divided by 145.
139
What is the remainder when 4687 is divided by 779?
13
Calculate the remainder when 2570 is divided by 943.
684
What is the remainder when 12049 is divided by 2996?
65
What is the remainder when 13071 is divided by 1428?
219
Calculate the remainder when 1486 is divided by 612.
262
Calculate the remainder when 49015 is divided by 329.
323
What is the remainder when 3766 is divided by 627?
4
Calculate the remainder when 4670 is divided by 41.
37
Calculate the remainder when 5252 is divided by 1181.
528
What is the remainder when 434164 is divided by 989?
982
Calculate the remainder when 189910 is divided by 470.
30
What is the remainder when 18240 is divided by 4498?
248
What is the remainder when 2823 is divided by 2338?
485
What is the remainder when 430002 is divided by 47?
46
Calculate the remainder when 19144 is divided by 760.
144
Calculate the remainder when 28748 is divided by 4789.
14
What is the remainder when 1167687 is divided by 6?
3
Calculate the remainder when 45186 is divided by 52.
50
Calculate the remainder when 1383 is divided by 586.
211
Calculate the remainder when 15725 is divided by 437.
430
What is the remainder when 2767822 is divided by 24?
22
What is the remainder when 86448 is divided by 10?
8
Calculate the remainder when 929 is divided by 177.
44
Calculate the remainder when 681516 is divided by 14198.
12
Calculate the remainder when 169856 is divided by 184.
24
What is the remainder when 2351 is divided by 260?
11
Calculate the remainder when 21844 is divided by 754.
732
What is the remainder when 7131 is divided by 114?
63
What is the remainder when 3110 is divided by 60?
50
Calculate the remainder when 123934 is divided by 325.
109
What is the remainder when 9685 is divided by 539?
522
What is the remainder when 15551 is divided by 108?
107
Calculate the remainder when 14832 is divided by 4772.
516
Calculate the remainder when 235458 is divided by 372.
354
What is the remainder when 223240 is divided by 31890?
10
What is the remainder when 2580 is divided by 428?
12
Calculate the remainder when 5586 is divided by 1367.
118
Calculate the remainder when 65905 is divided by 2438.
79
What is the remainder when 1368 is divided by 43?
35
Calculate the remainder when 3603 is divided by 21.
12
Calculate the remainder when 7056 is divided by 2308.
132
Calculate the remainder when 10538 is divided by 34.
32
What is the remainder when 7216 is divid